{"id":45,"date":"2026-01-22T14:48:06","date_gmt":"2026-01-22T14:48:06","guid":{"rendered":"https:\/\/diemuthigen.at\/?page_id=45"},"modified":"2026-02-20T12:42:19","modified_gmt":"2026-02-20T12:42:19","slug":"unsere-orojekte","status":"publish","type":"page","link":"https:\/\/diemuthigen.at\/?page_id=45","title":{"rendered":"Unsere Projekte"},"content":{"rendered":"\n<p>Unsere Projekte die Sie mit Ihrer Spende erm\u00f6glichen k\u00f6nnen:<br><br><strong>Projekt-Spende<\/strong><br>Das MuTh erm\u00f6glicht au\u00dfergew\u00f6hnliche k\u00fcnstlerische Darbietungen im zweiten Bezirk Wiens, und das ohne Subventionen. Es gibt immer wieder k\u00fcnstlerisch wertvolle Projekte, die sehenswert sind, f\u00fcr das MuTh jedoch zu kostspielig und somit zu riskant. Dank Ihrer Spende kann unser Verein zuk\u00fcnftige k\u00fcnstlerisch herausragende Projekte des MuTh unterst\u00fctzen.<\/p>\n\n\n\n<p><strong>Mut zum ersten Schritt<\/strong><br>F\u00fcr K\u00fcnstlerinnen und K\u00fcnstler ist es wichtig, Konzert-Erfahrungen zu sammeln. Dazu geh\u00f6rt, in einem professionellen Umfeld auf der B\u00fchne zu stehen, ein Konzertprogramm zu gestalten, sich vorzubereiten, Pressearbeit zu betreiben, zu proben und schlie\u00dflich die Reaktionen des Publikums zu erleben. All diese Erfahrungen bilden die Grundlage f\u00fcr eine k\u00fcnstlerische Weiterentwicklung und sind die Basis f\u00fcr eine professionelle Karriere.<br>Dank Ihrer Hilfe geben wir K\u00fcnstlerinnen und K\u00fcnstlern den Mut, den n\u00e4chsten Schritt zu wagen.<br>Bei diesem Projekt \u00fcbernimmt der Verein die Saalmiete des Muths, die Gagen und unterst\u00fctzt die Marketing- und Pressearbeit.<\/p>\n\n\n\n<p><strong>Musiktheater Projekte<\/strong><br>Das Musiktheater ist eine der vollkommensten Kunstformen, denn es vereint Musik, Literatur, Gesang, Schauspiel, Tanz, Mode, Architektur und Malerei. Musiktheater ist somit nicht nur sch\u00f6n, sondern auch kostenintensiv. Um unvergessliche Opern- und Kinderopernprojekte im MuTh zu erm\u00f6glichen, wollen wir die Finanzierung sicherstellen.<\/p>\n\n\n\n<p><\/p>\n\n\n\n<p><\/p>\n\n\n\n<figure class=\"wp-block-gallery has-nested-images columns-default is-cropped wp-block-gallery-1 is-layout-flex wp-block-gallery-is-layout-flex\">\n<figure class=\"wp-block-image size-large\"><img loading=\"lazy\" decoding=\"async\" width=\"1024\" height=\"700\" data-id=\"63\" src=\"https:\/\/diemuthigen.at\/wp-content\/uploads\/2026\/01\/LB_9168-1024x700.jpg\" alt=\"Reise des Kleinen Prinzen - Proben - Foto: (C) Lukas Beck\" class=\"wp-image-63\" title=\"Reise des Kleinen Prinzen - Proben - Foto: (C) Lukas Beck\" srcset=\"https:\/\/diemuthigen.at\/wp-content\/uploads\/2026\/01\/LB_9168-1024x700.jpg 1024w, https:\/\/diemuthigen.at\/wp-content\/uploads\/2026\/01\/LB_9168-300x205.jpg 300w, https:\/\/diemuthigen.at\/wp-content\/uploads\/2026\/01\/LB_9168-768x525.jpg 768w, https:\/\/diemuthigen.at\/wp-content\/uploads\/2026\/01\/LB_9168-1536x1050.jpg 1536w, https:\/\/diemuthigen.at\/wp-content\/uploads\/2026\/01\/LB_9168-2048x1401.jpg 2048w\" sizes=\"auto, (max-width: 1024px) 100vw, 1024px\" \/><\/figure>\n<\/figure>\n\n\n\n<div class=\"wp-block-buttons is-content-justification-center is-layout-flex wp-container-core-buttons-is-layout-a89b3969 wp-block-buttons-is-layout-flex\">\n<div class=\"wp-block-button\"><a class=\"wp-block-button__link wp-element-button\" href=\"https:\/\/diemuthigen.at\/?page_id=37\">Jetzt Spenden!<\/a><\/div>\n<\/div>\n\n\n\n<p><\/p>\n","protected":false},"excerpt":{"rendered":"<p>Unsere Projekte die Sie mit Ihrer Spende erm\u00f6glichen k\u00f6nnen: Projekt-SpendeDas MuTh erm\u00f6glicht au\u00dfergew\u00f6hnliche k\u00fcnstlerische Darbietungen im zweiten Bezirk Wiens, und das ohne Subventionen. Es gibt immer wieder k\u00fcnstlerisch wertvolle Projekte, die sehenswert sind, f\u00fcr das MuTh jedoch zu kostspielig und somit zu riskant. Dank Ihrer Spende kann unser Verein zuk\u00fcnftige k\u00fcnstlerisch herausragende Projekte des MuTh [&hellip;]<\/p>\n","protected":false},"author":2,"featured_media":0,"parent":0,"menu_order":0,"comment_status":"closed","ping_status":"closed","template":"","meta":{"footnotes":""},"class_list":["post-45","page","type-page","status-publish","hentry"],"_links":{"self":[{"href":"https:\/\/diemuthigen.at\/index.php?rest_route=\/wp\/v2\/pages\/45","targetHints":{"allow":["GET"]}}],"collection":[{"href":"https:\/\/diemuthigen.at\/index.php?rest_route=\/wp\/v2\/pages"}],"about":[{"href":"https:\/\/diemuthigen.at\/index.php?rest_route=\/wp\/v2\/types\/page"}],"author":[{"embeddable":true,"href":"https:\/\/diemuthigen.at\/index.php?rest_route=\/wp\/v2\/users\/2"}],"replies":[{"embeddable":true,"href":"https:\/\/diemuthigen.at\/index.php?rest_route=%2Fwp%2Fv2%2Fcomments&post=45"}],"version-history":[{"count":9,"href":"https:\/\/diemuthigen.at\/index.php?rest_route=\/wp\/v2\/pages\/45\/revisions"}],"predecessor-version":[{"id":127,"href":"https:\/\/diemuthigen.at\/index.php?rest_route=\/wp\/v2\/pages\/45\/revisions\/127"}],"wp:attachment":[{"href":"https:\/\/diemuthigen.at\/index.php?rest_route=%2Fwp%2Fv2%2Fmedia&parent=45"}],"curies":[{"name":"wp","href":"https:\/\/api.w.org\/{rel}","templated":true}]}}