{"id":16,"date":"2026-01-22T10:51:31","date_gmt":"2026-01-22T10:51:31","guid":{"rendered":"https:\/\/diemuthigen.at\/?page_id=16"},"modified":"2026-03-16T16:02:24","modified_gmt":"2026-03-16T16:02:24","slug":"der-verein","status":"publish","type":"page","link":"https:\/\/diemuthigen.at\/?page_id=16","title":{"rendered":"Der Verein"},"content":{"rendered":"\n<h2 class=\"wp-block-heading\">Warum Ihr Engagement Z\u00e4hlt<\/h2>\n\n\n\n<figure class=\"wp-block-image size-large\"><img loading=\"lazy\" decoding=\"async\" width=\"1024\" height=\"700\" src=\"https:\/\/diemuthigen.at\/wp-content\/uploads\/2026\/02\/BEC2498-1024x700.jpg\" alt=\"\" class=\"wp-image-121\" srcset=\"https:\/\/diemuthigen.at\/wp-content\/uploads\/2026\/02\/BEC2498-1024x700.jpg 1024w, https:\/\/diemuthigen.at\/wp-content\/uploads\/2026\/02\/BEC2498-300x205.jpg 300w, https:\/\/diemuthigen.at\/wp-content\/uploads\/2026\/02\/BEC2498-768x525.jpg 768w, https:\/\/diemuthigen.at\/wp-content\/uploads\/2026\/02\/BEC2498-1536x1050.jpg 1536w, https:\/\/diemuthigen.at\/wp-content\/uploads\/2026\/02\/BEC2498-2048x1400.jpg 2048w\" sizes=\"auto, (max-width: 1024px) 100vw, 1024px\" \/><\/figure>\n\n\n\n<p><br>Kultur ist kein Luxus \u2013 sie ist ein Fundament unserer Gesellschaft. Sie verbindet Generationen, schafft Identit\u00e4t und er\u00f6ffnet neue Horizonte. Doch Kultur braucht Menschen, die an sie glauben. Mit Ihrem Beitrag erm\u00f6glichen Sie nicht nur Konzerte und Theaterst\u00fccke, sondern geben jungen K\u00fcnstlerinnen und<br>K\u00fcnstlern die Chance, ihre Tr\u00e4ume zu verwirklichen.<\/p>\n\n\n\n<p><strong><strong>Werden Sie Teil unserer Idee! Als F\u00f6rderer:in genie\u00dfen Sie exklusive Vorteile und erleben Kultur aus n\u00e4chster N\u00e4he \u2013 nicht als Zuschauer:in, sondern als Mitgestalter:in.<\/strong><\/strong><\/p>\n\n\n\n<div class=\"wp-block-buttons is-content-justification-center is-layout-flex wp-container-core-buttons-is-layout-a89b3969 wp-block-buttons-is-layout-flex\">\n<div class=\"wp-block-button\"><a class=\"wp-block-button__link wp-element-button\" href=\"https:\/\/diemuthigen.at\/?page_id=37\">Jetzt Spenden!<\/a><\/div>\n<\/div>\n","protected":false},"excerpt":{"rendered":"<p>Warum Ihr Engagement Z\u00e4hlt Kultur ist kein Luxus \u2013 sie ist ein Fundament unserer Gesellschaft. Sie verbindet Generationen, schafft Identit\u00e4t und er\u00f6ffnet neue Horizonte. Doch Kultur braucht Menschen, die an sie glauben. Mit Ihrem Beitrag erm\u00f6glichen Sie nicht nur Konzerte und Theaterst\u00fccke, sondern geben jungen K\u00fcnstlerinnen undK\u00fcnstlern die Chance, ihre Tr\u00e4ume zu verwirklichen. Werden Sie [&hellip;]<\/p>\n","protected":false},"author":1,"featured_media":0,"parent":0,"menu_order":0,"comment_status":"closed","ping_status":"closed","template":"","meta":{"footnotes":""},"class_list":["post-16","page","type-page","status-publish","hentry"],"_links":{"self":[{"href":"https:\/\/diemuthigen.at\/index.php?rest_route=\/wp\/v2\/pages\/16","targetHints":{"allow":["GET"]}}],"collection":[{"href":"https:\/\/diemuthigen.at\/index.php?rest_route=\/wp\/v2\/pages"}],"about":[{"href":"https:\/\/diemuthigen.at\/index.php?rest_route=\/wp\/v2\/types\/page"}],"author":[{"embeddable":true,"href":"https:\/\/diemuthigen.at\/index.php?rest_route=\/wp\/v2\/users\/1"}],"replies":[{"embeddable":true,"href":"https:\/\/diemuthigen.at\/index.php?rest_route=%2Fwp%2Fv2%2Fcomments&post=16"}],"version-history":[{"count":8,"href":"https:\/\/diemuthigen.at\/index.php?rest_route=\/wp\/v2\/pages\/16\/revisions"}],"predecessor-version":[{"id":144,"href":"https:\/\/diemuthigen.at\/index.php?rest_route=\/wp\/v2\/pages\/16\/revisions\/144"}],"wp:attachment":[{"href":"https:\/\/diemuthigen.at\/index.php?rest_route=%2Fwp%2Fv2%2Fmedia&parent=16"}],"curies":[{"name":"wp","href":"https:\/\/api.w.org\/{rel}","templated":true}]}}